i) = 3*o(i) - 7*x(i). Calculate m(j).
-9
Suppose 0 = -x + 4. Let a(d) = -5*d**3 - 15*d**2 + 18*d + 4. Let r(o) = 3*o**3 + 10*o**2 - 12*o - 2. Let m(z) = 5*a(z) + 8*r(z). Calculate m(x).
-4
Let c(i) = -5*i**2 - 7*i + 8. Let g be c(1). Let z(a) = -a - 3. Determine z(g).
1
Let f(n) = n - 1. Let p(w) = 2*w - 27. Let j be p(12). Let s be -1 - -1 - (j - 1). Let r(b) = -b**3 + 3*b**2 + 5*b + 2. Let t be r(s). Determine f(t).
5
Let u(p) be the first derivative of 1/3*p**3 - 1/2*p**2 - 10 - 4*p. Determine u(0).
-4
Let j(h) = -5*h - 13. Let n(v) = 32*v - 547. Let c be n(17). What is j(c)?
2
Let c(s) = -8 - s**3 - 4*s**2 - s + 13*s**2 - 10*s. Let q be c(7). Let b = q - 9. Let f(m) = -m. Give f(b).
-4
Let o(s) = s - 1 + 3*s**3 - 4*s**3 - 2*s. Let z = 42 + -74. Let h = 32 + z. Give o(h).
-1
Let p(r) be the third derivative of -2*r**5/15 + r**4/12 - r**3/2 - 652*r**2. What is p(1)?
-9
Let i(y) = y**2 + 4. Let w(g) = -21 + 28 + 0*g**2 + 2*g**2. Let d(f) = -11*i(f) + 6*w(f). Calculate d(3).
7
Let r(a) = a - 5. Let h be (-64)/(-2) - 24/(-8). Let l = 28 - h. What is r(l)?
-12
Let m(o) = -4*o - 11. Let u(z) = -9*z - 23. Suppose 0 = 5*n - a - 0 + 31, -3*a = -3*n - 9. Let w(b) = n*m(b) + 3*u(b). Give w(-4).
4
Let v(h) be the third derivative of -h**8/20160 - h**7/5040 + h**6/360 + 8*h**5/15 - 17*h**2. Let q(t) be the third derivative of v(t). Determine q(0).
2
Let a(k) = k**3 - 4*k**2 - 4*k + 6. Let d(b) = -b**2 + b + 10. Let q be d(-2). What is a(q)?
-10
Let p(z) = 6*z. Let b(q) = q. Let i(s) = -5*b(s) + p(s). Let a(k) = -2*k - 1. Let g(w) = -4*a(w) - 9*i(w). Determine g(0).
4
Let q(u) = -u - 1. Let z(f) = -f. Let k(p) = -5*q(p) + 3*z(p). Give k(-8).
-11
Suppose 32 = -5*p - 4*u, -35*p + 2*u = -34*p - 2. Let a(t) = 5*t + 6. Calculate a(p).
-14
Let y(j) be the third derivative of 0*j + 0 + 1/8*j**4 + 16*j**2 + 0*j**3. Determine y(2).
6
Let i = 3 - 5. Suppose 2*q = -2*a + 6*q, 0 = -a - 5*q. Let s(d) = -4 + 2*d + 3*d**2 + a*d**2 + 5 - 3. Determine s(i).
6
Let l = -1064 + 1054. Let b(q) = -q**3 - 10*q**2 - 5. What is b(l)?
-5
Let p(y) = -2 - y**3 + 2 + 3 + 62*y**2 - 61*y**2 - 2. What is p(0)?
1
Let d(t) be the second derivative of -t**3/6 + 6*t**2 - 17*t - 3. Calculate d(15).
-3
Suppose 2 = q + 3*i, 3*q + 5*i - 37 = -39. Let y(u) = u**3 + u**2 - 4*u + 1. Determine y(q).
-31
Let w(r) = -r + 3. Let v(d) = 1. Let c = 14 - 8. Let t(p) = c*v(p) - w(p). Give t(-2).
1
Let u(b) = 119*b**2 + 117*b**2 - 3*b + 7 - 244*b**2 - b**3 - 27. Determine u(-8).
4
Let s(k) = 3*k - 2. Let w(x) = 10*x - 10. Let d(y) = -5*s(y) + w(y). Give d(4).
-20
Suppose 0 = -3*t - 4*n - 12, 2*n = 4*t + 7*n + 15. Let c(v) = v - 21. Calculate c(t).
-21
Let u(x) be the third derivative of x**4/8 - 7*x**3/6 + 2*x**2. Let r be 15/(-9 - (-138)/12). Determine u(r).
11
Suppose 4*p = 12 + 4. Let r = 11 - 2. Suppose n - 3*h + r = 0, -n + 3*n = -h - p. Let i(d) = -d - 1. Give i(n).
2
Let r(x) = x**2 - 4*x + 3. Let t = 16 - 12. Suppose -t*d - 12 + 24 = 0. Determine r(d).
0
Let j(s) = -7*s - 1. Suppose -4 = k - 2*w - 5, -3 = -k + 4*w. What is j(k)?
6
Let z(x) = x + 5. Suppose -2*v = 3*v - 3*u + 207, 5*u + 5 = 0. Let d be v/(-21)*(-7)/2. Give z(d).
-2
Suppose 56*k = 22*k - 238. Suppose -m = -2 - 2. Let t(d) = -3*d**2 + 4 + m*d**2 + 4*d + 3*d. What is t(k)?
4
Let w = -12 + 8. Let g(b) = 8*b + 1. Let i be g(-1). Let r(d) = -5*d**2 + 12*d + 13. Let p(k) = -2*k**2 + 6*k + 6. Let n(t) = i*p(t) + 3*r(t). Determine n(w).
5
Let u(y) be the first derivative of -3*y**2/2 + 2*y + 2. Let t(p) = 2*p**2 - 35*p + 10. Let f be t(17). Let a be f/(7/(-3)) - 1. Give u(a).
-4
Let i be 12/9*12/8. Suppose 4*j - 6*d = -i*d + 4, 2*j - 5*d + 4 = 0. Let h(z) = -4*z**2 + 5*z**2 - z**3 + j - 6 + 3*z. Determine h(2).
-1
Let d(z) = 2*z**2 - 4 - 2*z**3 - 4*z - 5*z**2 + z + 5*z - 4*z. Calculate d(-2).
4
Let v(m) be the second derivative of -m**4/6 + m**3/3 - 9*m**2/2 - 8*m. Let l(d) be the first derivative of v(d). Give l(2).
-6
Let i be 4 + -5 + -1 + 2 + 11. Let v(x) = x**2 - 10*x - 16. What is v(i)?
-5
Let h(a) be the first derivative of -a**4/4 + 10*a**3/3 - 8*a + 114. Determine h(9).
73
Let g(t) be the third derivative of t**6/120 + t**5/20 - t**4/8 + t**3/3 + 64*t**2. What is g(2)?
16
Let z(g) be the second derivative of g**5/20 - 7*g**4/12 + g**3 - 2*g**2 + 430*g. What is z(7)?
38
Let r(f) = 2*f - 3. Let j be 470/90 - (-4)/(-90)*5. Give r(j).
7
Let w(g) = -g**2 + 7*g + 1. Let r be (-4)/7 + 240/28. Calculate w(r).
-7
Let k(n) = -7*n**2 - 31*n - 7. Let i(o) = -3*o**2 - 15*o - 3. Let m(j) = 9*i(j) - 4*k(j). Give m(9).
-17
Let l(o) = -o**2 + 1. Suppose 13 = -2*p - 5*w - 1, 3*p + 7 = -4*w. Let x(m) = 4*m**2 + p*m**2 - 2*m**2 - 6*m**2. Let c be x(1). Give l(c).
0
Suppose y = -13 + 10. Let w be (11 - 7) + y + 2. Let l be w/2*(-8)/(-12). Let a(v) = -v**2 + 1. Determine a(l).
0
Let n(j) = -5*j. Let h(q) = 2*q - 55. Let i be h(23). Let a = -7 - i. Give n(a).
-10
Suppose -x - 4 = -5*x. Let z = 4 - x. Let a(w) = -w**2 + 0*w**z - w - w**3 - 1 - 4*w**3 + 3*w**3. Determine a(-1).
1
Let x be 1/(-8) + 477/(-24). Let a = x - -16. Let z(g) = g**3 + 4*g**2 + g + 2. Determine z(a).
-2
Let h(b) be the first derivative of -2*b**4 + b**3/3 + 3*b**2/2 + 2*b + 197. Give h(-1).
8
Let v = -1 + 5. Let n(x) = 1 + 0 + v*x - 7*x**2 + 6*x**2 - 6*x. Suppose -4 = d - 6. Give n(d).
-7
Suppose -27*r = 84 - 30. Let k(u) = 2*u**3 + u + 2. Determine k(r).
-16
Let j(p) = 5*p + 1. Let d be (-76)/14 + 4/(-7). Suppose 0 = a + 3 - 14. Let t(q) = -q**2 + 9*q + 2. Let s(x) = a*j(x) + d*t(x). What is s(1)?
6
Suppose -5 = a - 6*a. Let k = -1 - a. Let j(c) = 2*c**2 - c - 2. Give j(k).
8
Let g(f) = -5*f - 10. Let v(y) be the first derivative of 2*y**2 + 9*y - 6. Let r(i) = -5*g(i) - 6*v(i). What is r(5)?
1
Let i(h) = -h**2 - 5*h + 15. Suppose 2*u = j - 1, -4*j = 2*u + 30 + 6. What is i(j)?
1
Let j(o) = -o**2 - 3*o + 2. Let r(m) = 6*m - 10 - 10*m + 1 - 3*m - 2*m**2. Let q be r(-2). Give j(q).
2
Let a(l) = -l + 5. Let n(y) = y + 1. Let q(p) = -a(p) - 2*n(p). Let r be 6/(-10)*1940/(-194). What is q(r)?
-13
Let g(t) = 4 + 2*t - 2*t - t. Suppose -h - 24 + 6 = 0. Let w = h + 18. Calculate g(w).
4
Let y(b) be the second derivative of b**5/20 + 5*b**4/12 + b**3/3 + b**2 - b. Suppose 3 + 12 = -5*x. Let s be -3*x/18*-10. What is y(s)?
-8
Let i(f) = -2*f - f - 2*f - 3*f - 11 + 7*f. Calculate i(-10).
-1
Let t(l) = 18*l + 1. Suppose -97*r - 4*m = -95*r + 6, 3*r = 2*m - 1. Calculate t(r).
-17
Let q(u) = 3*u + 1 - 7*u - 6 + 2. Suppose 57*n - 22*n = 105. Give q(n).
-15
Let z(m) be the second derivative of -m - 1/6*m**3 + 0 - 5/2*m**2. Let w(r) = -2*r**2 + 12*r - 3. Let s be w(6). Calculate z(s).
-2
Let o be (20/(-12))/((-4)/(-96)*-5). Let h(q) = -q**2 + 13*q - 11. What is h(o)?
29
Let j(h) = 2*h + 37*h**2 - h - 8*h**3 - 35*h**2. Suppose 5*f + 335 = 330. Determine j(f).
9
Let g = 19 - 19. Let v(w) be the second derivative of -1/20*w**5 - 1/6*w**4 + g + 1/6*w**3 - 12*w - 3/2*w**2. What is v(-3)?
3
Let t(o) = -16*o**3 + 2*o**2 - 1. Suppose -41 = -3*s + 5*k, 0*s - 3*k = s - 9. Suppose -5*d + 5*y + 8 = -s, -4*y = -d + 13. What is t(d)?
-15
Let w(i) = -i + 14. Let k be w(12). Let d(g) = -2*g - 1 + 1 + 1 + 0 + 7*g**k. Let t = 27 + -26. Give d(t).
6
Let k(z) = 7*z + 4. Let j be k(-3). Let g be (-2)/4*(j + 3). Let f(r) = -2*r + 8. What is f(g)?
-6
Let j(g) = -g**3 + 10*g**2 - 5*g - 87. Let p be j(8). Let q(o) = 10*o**3 + 2*o**2 - 2*o + 1. Calculate q(p).
11
Let u(x) be the second derivative of -1/4*x**4 - 1/6*x**3 + 0 - 1/20*x**5 + 19*x + x**2. Determine u(-3).
5
Let l(n) be the third derivative of -7*n**5/30 + 14*n**2 + 5*n. Let c be 6/(-9)*(-9)/(-6). Give l(c).
-14
Let v(k) = -k - 4. Let z(c) = 2*c**3 - 2*c**2 + 1. Let h be z(2). Let b be 40/12*h/6. Determine v(b).
-9
Let k = 2483 - 2488. Let i(d) = 2*d + 3. Give i(k).
-7
Let n(y) = y**3 + 20*y**2 + 19*y + 3. Let j be n(-19). Let f(z) be the first derivative of 2*z**3/3 - 5*z**2/2 + 2*z + 4. What is f(j)?
5
Let p = 60 - 63. Let q be (p - -4) + 5 + -8. Let u(j) = 4 - j**3 + 3*j + j**2 - 2 + 0*j**3. What is u(q)?
8
Let l be 2*1*(-105)/(-42). Suppose 10 = l*q - 15. Let t(r) = 2*r - 3. Calculate t(q).
7
Suppose 4*b + 3 = 5*b. Let c(j) = -j**2 - 4*j**2 + 2*j - j**b + 0*j**2 + 10*j**2. Suppose -2*s + 6 = -4. Calculate c(s).
10
Let p(b) = b**3 + b**2 - b. Let n be (-1